ANNUAL CLIMATOLOGICAL SUMMARY

NAME: LI03  CITY:    STATE:   
ELEV:    12 m  LAT:  42 45' 04" N  LONG:  10 14' 18" E

               TEMPERATURE (C), HEAT BASE 18.3, COOL BASE 18.3
                          DEP.  HEAT  COOL                                          
        MEAN  MEAN        FROM  DEG   DEG                        MAX  MAX  MIN  MIN 
 YR MO  MAX   MIN   MEAN  NORM  DAYS  DAYS  HI  DATE  LOW  DATE  >=32 <=0  <=0  <=-18 
------------------------------------------------------------------------------------
 21  1  13.2   6.1   9.9   0.0   263     0  19.4  29  -0.4   16    0    0    3    0
 21  2  14.8   7.8  11.8   0.0   171     0  18.8  10  -1.6   15    0    0    3    0
 21  3  16.2   6.6  11.9   0.0   200     1  22.7  31   2.1    3    0    0    0    0
 21  4  17.4   9.2  13.8   0.0   137     2  22.3  24  -0.5    8    0    0    1    0
 21  5  21.3  12.7  17.4   0.0    52    23  25.8  30   8.3    3    0    0    0    0
 21  6  26.7  19.3  23.2   0.0     4   151  32.0  27  10.6    1    1    0    0    0
 21  7  28.9  21.6  25.4   0.0     0   218  32.8  18  17.3   15    3    0    0    0
 21  8  29.3  21.4  25.5   0.0     1   223  33.3  13  15.4   30    4    0    0    0
 21  9  27.0  18.8  23.4   0.0     4   155  29.7   8  14.1   23    0    0    0    0
 21 10  21.6  13.6  18.0   0.0    49    37  25.7   1   8.3   17    0    0    0    0
 21 11  18.1  11.3  15.0   0.0    98     4  22.5   7   4.3   30    0    0    0    0
 21 12  14.9   5.4  10.8   0.0    51     0  16.6   1   1.3    7    0    0    0    0
------------------------------------------------------------------------------------
        21.3  13.4  17.7   0.0  1030   812  33.3 AUG  -1.6  FEB    8    0    7    0

                                PRECIPITATION (mm)

               DEP.   MAX        DAYS OF RAIN 
               FROM   OBS.          OVER
 YR MO  TOTAL  NORM   DAY  DATE  .2   2   20
---------------------------------------------
 21  1  77.7    0.0  26.4    2   15   10    1
 21  2  11.4    0.0   5.8    7    3    2    0
 21  3   1.3    0.0   0.8   10    2    0    0
 21  4  22.1    0.0  12.2   12    9    2    0
 21  5  35.8    0.0  29.7   11    3    3    1
 21  6   0.8    0.0   0.8    5    1    0    0
 21  7   0.0    0.0   0.0    1    0    0    0
 21  8   0.3    0.0   0.3    5    1    0    0
 21  9   0.5    0.0   0.5   21    1    0    0
 21 10  16.3    0.0  16.3    4    1    1    0
 21 11  89.9    0.0  16.8    8   19   11    0
 21 12  51.6    0.0  45.0    6    3    2    1
---------------------------------------------
       307.6   0.0  45.0  DEC   58   31    3

                                WIND SPEED (km/hr)
                          DOM
 YR MO   AVG.  HI   DATE  DIR
---------------------------------
 21  1   5.2  78.9   29   SSW
 21  2   4.1  54.7    8   SSE
 21  3   4.9  59.5   14   NNE
 21  4   4.4  57.9    6   NNE
 21  5   3.5  74.0   17   NNE
 21  6   4.9  40.2   23   NNE
 21  7   4.7  48.3   17   NNE
 21  8   4.2  49.9    1   NNE
 21  9   4.2  51.5   19   NNE
 21 10   5.6  57.9    7     N
 21 11   3.6  67.6   15     N
 21 12   4.9  51.5    5     N
---------------------------------
         4.5  78.9  JAN  NNE
© www.elbaexplorer.com