MONTHLY CLIMATOLOGICAL SUMMARY for OCT. 2022

NAME: LI03   CITY:    STATE:  
ELEV:  4000 m  LAT:  42 45' 04" N  LONG:  10 14' 18" E

                   TEMPERATURE (C), RAIN  (mm), WIND SPEED (km/hr)

                                      HEAT  COOL        AVG
    MEAN                              DEG   DEG         WIND                 DOM
DAY TEMP  HIGH   TIME   LOW    TIME   DAYS  DAYS  RAIN  SPEED HIGH   TIME    DIR
------------------------------------------------------------------------------------
 1  18.8  23.3   14.00  15.1   23.45   0.8   1.3   2.0   2.9  29.0   15.15   NNW
 2  19.9  23.4   16.15  14.8    1.00   0.8   2.4   0.0   1.0  19.3    9.15   SSE
 3  19.2  26.0   16.15  13.4    6.30   1.4   2.3   0.0   0.8  16.1   18.00     N
 4  20.5  24.4   16.00  14.7    7.45   0.5   2.7   0.0   1.0  16.1   11.15   SSE
 5  18.7  24.0   12.45  13.7   23.30   1.6   1.9   0.0   0.6  14.5   11.30   SSE
 6  18.4  25.2   15.15  11.9    6.15   2.1   2.2   0.0   0.8  16.1   15.00   SSE
 7  19.7  25.3   17.00  14.2   23.45   0.8   2.2   0.0   1.1  16.1   14.15   SSE
 8  17.9  23.8   14.15  12.6    5.15   2.2   1.8   0.0   0.8  17.7   14.00     S
 9  19.5  23.5   12.30  15.1    0.15   0.6   1.7   4.3   1.3  22.5    9.45    SE
10  18.7  22.1   16.30  16.2   23.45   0.5   0.9  38.9   0.2  20.9    6.15     S
11  19.4  24.4   16.15  15.7    2.15   0.8   1.8   0.3   0.5  14.5   12.15   SSE
12  18.7  22.1   12.45  14.6    7.15   1.0   1.4   0.0   0.3  14.5   11.15   SSE
13  19.8  23.3   14.30  17.1    7.45   0.2   1.7   1.5   1.9  27.4   15.15   NNE
14  19.2  23.3   13.00  14.6    7.30   0.8   1.7   0.0   0.6  22.5    1.15   SSE
15  18.2  23.1   16.00  14.2   00.00   1.6   1.5   0.0   0.3  16.1   10.30   SSE
16  18.3  23.4   14.15  13.8    8.15   1.4   1.4   0.0   0.3  14.5   15.15   SSE
17  19.2  23.4   15.45  14.8    4.45   0.9   1.8   0.0   0.6  16.1   12.15   SSE
18  18.4  23.7   14.45  13.9    6.15   1.6   1.7   0.0   0.3  14.5   13.45     S
19  20.6  22.8   14.00  15.3    0.15   0.1   2.4   0.0  11.7  33.8   10.30   NNE
20  19.9  23.8   14.45  15.3    8.15   0.4   2.0   0.0   1.9  20.9    0.15     N
21  21.6  22.8   12.00  18.5    0.15   0.0   3.2   0.0   5.1  30.6   17.45     S
22  22.6  24.0   13.00  22.1    0.15   0.0   4.3   0.0   4.0  32.2   11.15     S
23  22.4  23.1   13.00  22.1   23.00   0.0   4.1   0.0   7.1  30.6   14.15   SSE
24  22.2  23.0   13.15  21.8   23.45   0.0   3.9   0.0   7.4  30.6   11.00   SSE
25  21.7  23.6   13.15  19.0   21.15   0.0   3.3   0.0   3.7  20.9    0.15   SSE
26  20.5  23.0   11.45  16.3   00.00   0.1   2.3   0.0   0.5  16.1   12.00     S
27  18.4  22.7   12.45  14.9   23.30   1.2   1.3   0.0   0.2  11.3   13.30   SSE
28  17.5  22.8   17.15  13.1    7.30   2.1   1.3   0.0   0.2   9.7   12.15   SSE
29  17.3  23.1   12.30  12.2    7.30   2.4   1.4   0.0   0.3  11.3   13.00     S
30  16.4  24.1   15.15  11.6    7.15   3.3   1.3   0.0   0.5  14.5   11.15   SSE
31  15.7  22.3   12.30  10.1    6.15   3.8   1.1   0.0   0.3  16.1   11.30   SSE
-------------------------------------------------------------------------------------
    19.3  26.0     3    10.1    31    33.1  64.3  47.0   1.9  33.8    19     SSE

Max >=  32.0:  0
Max <=   0.0:  0
Min <=   0.0:  0
Min <= -18.0:  0
Max Rain: 38.86 ON 10/10/22
Days of Rain: 5 (> .2 mm) 3 (> 2 mm) 1 (> 20 mm)
Heat Base:  18.3  Cool Base:  18.3  Method: Integration
© www.elbaexplorer.com