MONTHLY CLIMATOLOGICAL SUMMARY for MAR. 2019

NAME: LI03   CITY:    STATE:  
ELEV:    12 m  LAT:  42 45' 04" N  LONG:  10 14' 18" E

                   TEMPERATURE (C), RAIN  (mm), WIND SPEED (km/hr)

                                      HEAT  COOL        AVG
    MEAN                              DEG   DEG         WIND                 DOM
DAY TEMP  HIGH   TIME   LOW    TIME   DAYS  DAYS  RAIN  SPEED HIGH   TIME    DIR
------------------------------------------------------------------------------------
 1  10.7  15.4   13.00   5.6    5.00   7.7   0.0   0.0   1.8  20.9   16.30     N
 2  13.3  16.9   11.45  10.4    6.15   5.1   0.0   0.0   4.2  27.4    3.00     S
 3  11.2  16.2   12.30   5.4    7.00   7.1   0.0   0.0   1.1  16.1   14.00   WNW
 4  13.2  18.8   21.00   7.4    5.30   5.2   0.0   0.0   3.9  41.8   21.00   SSE
 5  14.3  19.8   15.00   7.1   00.00   4.1   0.1   0.0   2.6  30.6   14.45   ENE
 6  12.7  15.4   12.45   6.7    2.15   5.6   0.0   0.0   5.0  35.4   21.00     S
 7  14.4  16.1   16.00  11.7   00.00   3.9   0.0   0.0   3.9  29.0    1.45     S
 8  12.2  17.1   12.45   7.2   23.45   6.1   0.0   0.0   1.1  16.1   11.15   NNE
 9  10.7  15.4   16.30   4.9    4.15   7.7   0.0   0.0   1.4  14.5   11.00   ENE
10  12.4  16.1   13.30   6.6    2.15   5.9   0.0   0.0   1.3  20.9   11.30   SSE
11  14.3  19.0   14.00  10.1    8.00   4.0   0.0   0.3  13.0  75.6   21.15   SSE
12  10.4  14.2   14.30   4.1    5.45   7.9   0.0   0.0   9.3  61.2    0.15   NNW
13  10.6  14.7   17.00   2.9    5.00   7.8   0.0   0.0   5.1  45.1   21.15   NNW
14  13.5  17.8   14.30   8.9    6.30   4.8   0.0   0.0   4.8  35.4   21.00   NNW
15  13.2  16.6   13.45   6.9   00.00   5.1   0.0   0.0   1.8  27.4    1.30   SSE
16  12.7  16.6   12.45   6.4    2.30   5.6   0.0   0.0   1.1  22.5   13.00    SE
17  13.7  14.7   10.15  12.3    6.45   4.6   0.0   0.0   3.1  22.5   14.30     S
18  13.8  16.9   11.15   9.9   00.00   4.6   0.0   0.0   7.2  41.8   15.30    NW
19  11.1  13.3   14.45   8.9   00.00   7.3   0.0   0.0   8.5  32.2    9.30   NNE
20  11.7  15.6   13.15   8.8    0.30   6.6   0.0   0.0  11.4  37.0   18.00   NNE
21  12.9  18.1   14.45   8.8    5.15   5.4   0.0   0.0   6.8  30.6    9.30   NNW
22  14.2  19.3   15.00   7.0    7.00   4.2   0.1   0.0   2.9  27.4   20.15     N
23  14.9  19.8   14.30   8.1    3.00   3.5   0.1   0.0   2.9  24.1   15.30   NNE
24  13.7  19.3   16.30   6.9    5.30   4.6   0.0   0.0   3.2  25.7   11.00   NNE
25  11.8  15.7    9.45   6.2    6.45   6.5   0.0   0.0   1.9  27.4   23.45   SSE
26  11.6  13.9    0.30   8.9    5.00   6.7   0.0   0.8  12.9  53.1    7.15   NNE
27  12.7  16.0   15.15   9.8    6.15   5.7   0.0   0.0  10.9  43.5   14.30   NNE
28  12.7  16.4   15.15   8.8    6.15   5.7   0.0   0.0  12.6  40.2    1.45   NNE
29  13.6  18.2   16.15   8.5   00.00   4.7   0.0   0.0   8.7  29.0   10.45   NNE
30  12.3  18.1   15.30   5.1    6.45   6.1   0.0   0.0   5.3  27.4   14.45   NNE
31  13.2  17.1   15.30   7.9   00.00   4.9   0.0   0.0   5.3  27.4    9.15   NNE
-------------------------------------------------------------------------------------
    12.7  19.8     5     2.9    13   174.6   0.2   1.0   5.3  75.6    11     NNE

Max >=  32.0:  0
Max <=   0.0:  0
Min <=   0.0:  0
Min <= -18.0:  0
Max Rain: 0.76 ON 26/03/19
Days of Rain: 2 (> .2 mm) 0 (> 2 mm) 0 (> 20 mm)
Heat Base:  18.3  Cool Base:  18.3  Method: Integration
© www.elbaexplorer.com