MONTHLY CLIMATOLOGICAL SUMMARY for OCT. 2020

NAME: LI03   CITY:    STATE:  
ELEV:    12 m  LAT:  42 45' 04" N  LONG:  10 14' 18" E

                   TEMPERATURE (C), RAIN  (mm), WIND SPEED (km/hr)

                                      HEAT  COOL        AVG
    MEAN                              DEG   DEG         WIND                 DOM
DAY TEMP  HIGH   TIME   LOW    TIME   DAYS  DAYS  RAIN  SPEED HIGH   TIME    DIR
------------------------------------------------------------------------------------
 1  18.2  22.8   15.30  13.1    7.15   1.6   1.4   0.0   1.1  17.7   12.00   SSE
 2  21.8  22.6   23.45  17.8    0.15   0.0   3.5   0.0  11.4  46.7   18.00     S
 3  19.9  22.8    7.45  13.6   21.30   0.7   2.2  26.4   6.9  49.9    3.15     S
 4  18.4  22.3   12.15  12.3    2.45   1.7   1.7   2.3   6.0  64.4   23.45     S
 5  17.3  22.4   17.15  11.8   00.00   2.2   1.2   4.3   1.0  17.7   11.15    NW
 6  17.5  21.4   14.15  11.7    0.15   1.8   1.0   2.5   2.3  20.9   15.00   ESE
 7  20.3  23.3   11.00  14.9   00.00   0.3   2.3   1.8   7.1  56.3   11.00   WNW
 8  17.7  23.7   16.45  12.8    8.00   2.0   1.3   0.0   1.0  16.1   13.00   NNW
 9  16.8  23.2   15.00  11.8    8.00   2.7   1.2   0.0   0.8  14.5   14.00   NNW
10  17.1  21.8   13.30  11.4    7.30   2.3   1.0   0.0   1.1  16.1   11.45   ENE
11  17.5  20.6   14.00  14.4   21.15   1.1   0.2   0.0   5.0  38.6   16.30   ENE
12  15.0  17.1   14.45  12.4    7.00   3.3   0.0   1.0  13.8  48.3   16.45   NNE
13  14.4  19.3   16.45   8.7    8.00   3.9   0.1   0.0   2.4  24.1    2.00   ESE
14  14.5  20.4   13.30   9.1    3.45   4.1   0.3  18.0   1.0  24.1   16.15    SE
15  14.9  17.8   10.15  11.2   23.00   3.4   0.0   7.4   3.9  38.6   16.00     N
16  14.6  18.0   10.45  10.9    8.15   3.7   0.0   0.0   1.9  29.0   11.00   NNW
17  12.7  18.3   15.00   8.7    7.45   5.6   0.0   2.5   0.3  19.3   15.30     N
18  14.7  18.6   15.15  11.6    3.00   3.6   0.0   2.8   1.3  19.3   12.15     N
19  14.3  20.6   16.15   9.1    7.00   4.3   0.3   0.0   0.5  24.1   15.30     N
20  15.3  19.9   13.45   9.6    6.15   3.2   0.2   0.0   1.8  20.9   22.15    NE
21  18.9  20.4   15.15  17.9    0.15   0.1   0.7   0.0   8.0  32.2   10.45   SSE
22  19.6  20.4   11.30  19.2    7.30   0.0   1.3   0.0   8.9  32.2   10.00   SSE
23  19.9  20.7   14.00  19.4    0.15   0.0   1.6   0.0   6.0  32.2   20.00     S
24  18.0  20.9   16.30  13.7   00.00   0.9   0.6  12.7   2.3  32.2   10.45   NNE
25  15.5  20.3   13.15  11.4    7.00   3.2   0.4   0.3   0.6  14.5   11.15     E
26  18.2  20.7   14.30  12.2    0.30   1.0   0.9  10.9   8.4  53.1   15.45     S
27  14.7  19.3   14.00  10.8   00.00   3.7   0.1   0.0   1.6  35.4   10.15   WNW
28  13.7  18.8   12.00   8.8    4.15   4.6   0.0   0.0   3.1  27.4   14.15     N
29  14.8  19.8   13.45   9.8    0.45   3.7   0.2   0.0   1.1  17.7   10.15   ENE
30  14.6  19.8   13.00   9.9    6.00   3.9   0.2   0.0   0.6  14.5   12.00   ENE
31  14.1  19.4   13.15  10.6    6.15   4.4   0.1   0.0   0.6  14.5   12.15   ENE
-------------------------------------------------------------------------------------
    16.6  23.7     8     8.7    13    77.0  23.8  93.0   3.6  64.4     4       S

Max >=  32.0:  0
Max <=   0.0:  0
Min <=   0.0:  0
Min <= -18.0:  0
Max Rain: 26.42 ON 03/10/20
Days of Rain: 13 (> .2 mm) 10 (> 2 mm) 1 (> 20 mm)
Heat Base:  18.3  Cool Base:  18.3  Method: Integration
© www.elbaexplorer.com