MONTHLY CLIMATOLOGICAL SUMMARY for JUL. 2022

NAME: LI03   CITY:    STATE:  
ELEV:    12 m  LAT:  42 45' 04" N  LONG:  10 14' 18" E

                   TEMPERATURE (C), RAIN  (mm), WIND SPEED (km/hr)

                                      HEAT  COOL        AVG
    MEAN                              DEG   DEG         WIND                 DOM
DAY TEMP  HIGH   TIME   LOW    TIME   DAYS  DAYS  RAIN  SPEED HIGH   TIME    DIR
------------------------------------------------------------------------------------
 1  24.7  29.5   15.45  18.9    6.15   0.0   6.4   0.0   1.3  19.3   13.30     S
 2  26.1  29.5   17.15  23.9    2.00   0.0   7.7   0.0  15.8  35.4   10.00   NNE
 3  28.3  33.1   14.15  24.4    0.15   0.0  10.0   0.0  15.8  37.0   18.15   NNE
 4  28.3  33.1   14.45  25.2    4.00   0.0   9.9   0.0  10.1  33.8    0.45   NNE
 5  27.1  30.3   16.45  23.8   00.00   0.0   8.7   0.0   9.3  32.2    7.15   NNE
 6  27.0  32.4   11.45  21.9    2.00   0.0   8.7   0.0   5.8  29.0   16.15   NNE
 7  27.3  29.8   17.00  25.5   23.45   0.0   9.0   0.0  12.6  33.8    4.45   NNE
 8  27.2  31.3   17.00  22.6   00.00   0.0   8.8   0.0   6.3  40.2    1.00     N
 9  25.4  31.6   16.15  17.9    6.30   0.0   7.1   0.0   5.5  32.2   18.45   NNE
10  26.1  31.5   15.30  18.0    6.15   0.0   7.7   0.0   2.1  24.1    0.15    SW
11  25.3  29.8   16.15  20.0    2.30   0.0   7.0   0.0   1.4  16.1   13.00   SSE
12  25.2  29.2   15.45  19.8    5.30   0.0   6.9   0.0   1.1  17.7   11.45   SSE
13  27.3  31.2   15.30  23.2    0.30   0.0   8.9   0.0   1.6  22.5    8.45   NNW
14  25.9  31.9   15.00  19.4    6.00   0.0   7.6   0.0   1.6  20.9   15.00   SSE
15  27.0  32.2   14.15  21.8    6.15   0.0   8.7   0.0   2.3  22.5   17.15   NNE
16  26.5  30.6   15.45  21.7    5.30   0.0   8.2   0.0   0.8  19.3   12.30   SSE
17  27.2  32.2   18.00  22.9    3.30   0.0   8.8   0.0   1.1  17.7   17.30   SSE
18  28.4  35.4   16.00  21.7    6.00   0.0  10.1   0.0   1.4  24.1   19.00    SW
19  28.3  33.9   16.45  23.3    5.30   0.0   9.9   0.0   1.8  20.9   17.45   SSE
20  27.8  34.6   15.30  21.1    6.30   0.0   9.4   0.0   1.0  22.5   19.00   SSE
21  27.9  32.7   16.45  21.8    5.45   0.0   9.6   0.0   2.1  20.9   17.00   SSE
22  29.2  32.1   15.45  24.2    6.45   0.0  10.8   0.0   4.8  22.5   19.45   NNE
23  28.9  31.9   13.00  24.8    6.15   0.0  10.6   0.0   3.4  25.7   14.00     N
24  28.6  31.1   16.45  26.8    6.30   0.0  10.3   0.0   8.4  29.0   11.45   NNE
25  28.6  31.2   15.15  26.3    6.15   0.0  10.2   0.0   8.2  25.7   15.30   NNE
26  29.0  32.5   16.00  24.8    6.30   0.0  10.7   0.0   2.1  19.3    1.15   SSE
27  28.4  31.4   15.45  26.2    4.15   0.0  10.1   0.0   9.7  30.6    5.30   NNE
28  27.7  30.1   14.45  25.9    6.30   0.0   9.3   0.0  12.9  32.2    2.15   NNE
29  28.4  32.1   15.30  25.3    7.00   0.0  10.1   0.0   2.6  22.5   16.30   NNW
30  27.4  31.2   17.45  22.9    6.15   0.0   9.1   0.0   1.4  22.5   12.45     N
31  28.9  32.6   17.15  26.1    3.45   0.0  10.6   0.0   8.5  29.0    2.30     N
-------------------------------------------------------------------------------------
    27.4  35.4    18    17.9     9     0.0 281.0   0.0   5.2  40.2     8     NNE

Max >=  32.0: 13
Max <=   0.0:  0
Min <=   0.0:  0
Min <= -18.0:  0
Max Rain: 0.00 ON 01/07/22
Days of Rain: 0 (> .2 mm) 0 (> 2 mm) 0 (> 20 mm)
Heat Base:  18.3  Cool Base:  18.3  Method: Integration
© www.elbaexplorer.com