MONTHLY CLIMATOLOGICAL SUMMARY for JAN. 2019

NAME: LI03   CITY:    STATE:  
ELEV:    12 m  LAT:  42 45' 04" N  LONG:  10 14' 18" E

                   TEMPERATURE (C), RAIN  (mm), WIND SPEED (km/hr)

                                      HEAT  COOL        AVG
    MEAN                              DEG   DEG         WIND                 DOM
DAY TEMP  HIGH   TIME   LOW    TIME   DAYS  DAYS  RAIN  SPEED HIGH   TIME    DIR
------------------------------------------------------------------------------------
 1  10.2  15.0   12.30   5.0   23.30   8.1   0.0   0.0   0.6  17.7   15.00     N
 2  11.2  15.6   14.00   4.8    1.00   7.2   0.0   0.0   8.0  49.9   19.30    NE
 3   6.8  10.1   12.45  -0.4   22.00  11.6   0.0   0.0   4.5  27.4    4.15    NE
 4   2.8   9.2   12.15  -1.3   00.00  15.5   0.0   0.0   1.4  17.7   13.00   NNE
 5   6.1  13.1   16.00  -1.3    0.15  12.3   0.0   0.0   0.6  17.7   14.45   SSE
 6  10.0  15.3   14.30   4.5    7.45   8.3   0.0   0.0   2.1  19.3    1.00   NNW
 7   8.6  14.3   15.00   3.3   00.00   9.8   0.0   0.0   1.3  17.7   11.15   NNW
 8   8.2  13.4   13.15   2.4    3.00  10.1   0.0   0.0   1.0  17.7   13.15    SE
 9  11.1  12.8   12.45   8.6    0.15   7.2   0.0   0.0   7.9  43.5   20.45   NNE
10   8.2  11.1   12.30   3.2    7.00  10.1   0.0   0.0   5.3  35.4   13.30   NNE
11   4.5  10.4   14.45  -0.4   23.45  13.8   0.0   0.0   1.9  25.7   13.30   ENE
12   4.3  12.5   13.15  -2.3    7.00  14.0   0.0   0.0   1.3  27.4   16.00   NNE
13   9.1  13.9   12.45   2.7    1.00   9.3   0.0   0.0   1.6  25.7   13.00   NNE
14  11.2  16.3   19.15   3.6    6.15   7.1   0.0   0.0   8.4  48.3   22.45    NW
15   9.5  15.4    0.15   2.8   00.00   8.8   0.0   0.0   3.2  46.7    0.15   NNE
16  11.6  14.3   11.30   2.4    0.30   6.8   0.0   0.0   7.7  41.8   22.15   SSW
17  11.9  14.7   15.30   6.4   00.00   6.4   0.0   6.3   3.5  43.5    2.00   SSW
18   9.5  15.6   14.45   4.5    6.30   8.8   0.0   0.0   1.6  27.4   12.30   NNW
19   6.2  11.6   12.15   3.3    5.00  12.2   0.0   0.8   0.5  22.5   14.00   NNE
20   6.8  11.9   14.00   2.5    8.15  11.5   0.0   0.0   0.6  20.9   12.45   ESE
21   7.2  10.3   13.45   4.0    2.15  11.1   0.0   2.8   2.3  22.5   23.00     N
22   6.0   6.8    9.30   3.9   20.00  12.3   0.0   6.1   5.3  35.4   10.00   NNE
23   6.7  10.1   12.45   3.4    6.15  11.7   0.0   7.6   2.6  32.2   10.00   SSW
24   8.0  10.7   15.15   5.9    3.00  10.3   0.0  14.5  12.1  46.7   11.45   NNE
25   8.3  10.3   14.15   6.2    2.15  10.1   0.0   0.0  15.1  49.9   00.00   NNE
26   6.9  12.3   12.30   0.4    7.45  11.4   0.0   0.0   3.1  41.8    0.15   NNE
27   7.4  13.3   14.00   1.3    1.15  10.9   0.0   0.0   0.2  20.9   00.00    SW
28  10.2  12.7   11.15   3.1   22.30   8.2   0.0   0.0   7.4  48.3   13.15    NW
29   6.7  11.3   13.45   1.5    7.30  11.7   0.0   0.0   3.1  30.6    3.30   NNE
30   7.4  10.4   15.15   3.3    0.15  10.9   0.0  16.0   6.8  70.8   18.30    NW
31  10.8  13.8   00.00   6.0    2.45   7.5   0.0   5.6   5.8  40.2   18.45   SSW
-------------------------------------------------------------------------------------
     8.2  16.3    14    -2.3    12   315.1   0.0  59.7   4.1  70.8    30     NNE

Max >=  32.0:  0
Max <=   0.0:  0
Min <=   0.0:  5
Min <= -18.0:  0
Max Rain: 16.00 ON 30/01/19
Days of Rain: 8 (> .2 mm) 7 (> 2 mm) 0 (> 20 mm)
Heat Base:  18.3  Cool Base:  18.3  Method: Integration
© www.elbaexplorer.com