MONTHLY CLIMATOLOGICAL SUMMARY for NOV. 2021

NAME: LI03   CITY:    STATE:  
ELEV:    12 m  LAT:  42 45' 04" N  LONG:  10 14' 18" E

                   TEMPERATURE (C), RAIN  (mm), WIND SPEED (km/hr)

                                      HEAT  COOL        AVG
    MEAN                              DEG   DEG         WIND                 DOM
DAY TEMP  HIGH   TIME   LOW    TIME   DAYS  DAYS  RAIN  SPEED HIGH   TIME    DIR
------------------------------------------------------------------------------------
 1
 2
 3  17.9  20.1   19.30  13.2    2.15   0.9   0.5   2.5   6.0  49.9   21.30   SSW
 4  15.2  20.1   13.00   9.2    7.15   3.3   0.2   0.0   1.3  22.5    1.30   NNE
 5  14.6  15.6    1.45  12.8   19.30   3.7   0.0   4.8   2.3  25.7    5.00   NNW
 6  16.0  18.8   13.45  13.4    7.00   2.3   0.0   0.0  11.4  37.0   00.00     N
 7  17.8  22.5   12.45  13.6    4.00   1.4   0.9   0.5   5.3  38.6    6.15     N
 8  16.9  21.1   13.45  13.7    2.15   1.9   0.4  16.8   1.3  19.3    9.45   SSE
 9  16.4  19.9   14.30  13.7    2.30   2.1   0.2   8.4   3.9  29.0   22.00   NNW
10  19.1  21.2   14.45  16.1    0.15   0.3   1.0   0.3   3.5  29.0   18.00    SE
11  18.3  20.1   11.15  16.8    3.15   0.4   0.4   0.0   0.8  17.7   12.15   SSE
12  16.7  18.9   15.30  13.8   23.15   1.7   0.0   0.5   1.6  27.4    1.45    SE
13  16.9  19.7   12.45  11.8    4.00   1.6   0.2   0.3   3.7  25.7   23.00     S
14  15.7  18.3    2.15  13.2    8.30   2.7   0.0  13.5   3.7  32.2    2.45   ESE
15  16.2  18.9   14.00  13.8    4.45   2.2   0.1  11.9   6.1  67.6    6.30   SSE
16  15.1  16.6   11.30  12.8   00.00   3.3   0.0   0.3   1.8  20.9   12.00     N
17  14.6  18.7   12.30  11.4   22.30   3.8   0.0   0.3   0.3  17.7   12.30   NNW
18  14.6  18.3   14.00   9.2    7.30   3.7   0.0   0.3   2.9  22.5   12.00   NNE
19  14.2  19.0   12.30   8.4    7.30   4.1   0.1   0.0   4.7  27.4   13.30     N
20  15.4  18.3   11.30  10.1   23.15   2.9   0.0   0.0   7.1  32.2   10.30   NNE
21  13.9  17.5   14.45   8.4    4.30   4.4   0.0   0.0   1.3  17.7   14.30   SSW
22  15.2  17.8   12.30  13.1    6.30   3.1   0.0   4.3   1.4  32.2    2.15     E
23  14.7  17.3   14.15  12.5   23.00   3.6   0.0   1.0   4.0  29.0   13.15     N
24  12.1  17.8   15.00   7.3    7.45   6.3   0.0   0.0   1.1  11.3    0.15     N
25  14.2  16.4    5.30  10.6   20.45   4.1   0.0  10.9   2.6  37.0    3.45   SSW
26  12.8  15.7   20.45   9.4   00.00   5.5   0.0   7.6   3.1  35.4   13.30   NNW
27  13.5  16.6   12.45   8.4    6.30   4.8   0.0   2.8   2.3  41.8   18.45    SW
28  11.8  13.8   14.30   9.0    2.45   6.6   0.0   0.0   9.0  48.3    6.45     W
29   9.5  12.0   14.30   6.1    8.15   8.8   0.0   3.0   6.1  41.8    4.15     N
30  10.0  14.6   15.30   4.3    8.30   8.3   0.0   0.0   2.7  30.6    1.45   NNE
-------------------------------------------------------------------------------------
    15.0  22.5     7     4.3    30    97.7   3.8  89.9   3.6  67.6    15       N

Max >=  32.0:  0
Max <=   0.0:  0
Min <=   0.0:  0
Min <= -18.0:  0
Max Rain: 16.76 ON 08/11/21
Days of Rain: 19 (> .2 mm) 11 (> 2 mm) 0 (> 20 mm)
Heat Base:  18.3  Cool Base:  18.3  Method: Integration
© www.elbaexplorer.com