MONTHLY CLIMATOLOGICAL SUMMARY for JAN. 2021

NAME: LI03   CITY:    STATE:  
ELEV:    12 m  LAT:  42 45' 04" N  LONG:  10 14' 18" E

                   TEMPERATURE (C), RAIN  (mm), WIND SPEED (km/hr)

                                      HEAT  COOL        AVG
    MEAN                              DEG   DEG         WIND                 DOM
DAY TEMP  HIGH   TIME   LOW    TIME   DAYS  DAYS  RAIN  SPEED HIGH   TIME    DIR
------------------------------------------------------------------------------------
 1  13.3  14.7   20.00  10.2   10.00   5.1   0.0   7.4   9.0  56.3   12.45   SSW
 2  12.2  14.3    1.45   9.7    5.15   6.1   0.0  26.4   8.7  66.0   19.30   SSW
 3  11.1  13.3   12.30   8.6   17.30   7.3   0.0   2.3   5.6  48.3    4.45   SSW
 4   9.3  13.7   15.15   5.8   18.45   9.0   0.0   5.8   0.8  24.1    0.45   SSW
 5   8.5  12.4   14.30   5.5   22.15   9.8   0.0   5.6   1.0  24.1    3.15     S
 6   6.6  13.1   15.15   1.8   21.30  11.8   0.0   0.8   1.0  20.9   10.15     S
 7   7.7  11.7   14.00   2.1    1.00  10.7   0.0   1.3   1.6  24.1   20.15   SSW
 8   7.5  10.9   13.30   4.4   00.00  10.8   0.0   3.3   1.3  19.3   13.45   SSE
 9   7.6   8.9   11.00   4.6    0.15  10.8   0.0   4.6   3.7  27.4   19.00     S
10   7.4   8.3   12.30   6.6   00.00  10.9   0.0   3.3   5.1  27.4    2.00    NE
11   6.5   8.2   13.15   5.3    4.45  11.8   0.0   0.0   9.2  35.4   15.15    NE
12   6.8  10.8   14.30   1.8   00.00  11.5   0.0   0.0   6.1  33.8    6.00    NE
13   6.5  14.1   16.15   1.3    7.15  11.8   0.0   0.0   0.2   9.7   13.30     N
14   9.4  13.7   12.45   4.1    0.45   8.9   0.0   0.0   0.6  16.1   11.00     N
15   9.7  11.9   15.15   7.7    3.15   8.6   0.0   1.3   5.8  35.4   13.30     N
16   5.1   9.6   14.00  -0.4   23.15  13.2   0.0   0.0   3.5  30.6    2.00     N
17   7.6  10.5    7.15   0.0    0.30  10.7   0.0   0.0   1.1  22.5   12.30   ENE
18   5.3  12.0   13.30  -0.1    7.45  13.0   0.0   0.0   0.6  11.3   12.45   ENE
19   7.4  13.6   14.45   1.7    0.15  10.9   0.0   0.0   1.6  25.7   12.15   ENE
20  10.5  14.7   11.45   3.3    1.15   7.8   0.0   0.0   4.5  27.4   11.45   SSW
21  14.9  16.3   14.45  13.6    0.45   3.4   0.0   0.0   5.5  41.8   21.00     S
22  15.0  15.7   15.00  13.8   23.15   3.3   0.0   1.5  11.4  56.3   15.45   SSW
23  13.2  14.8   22.45  11.4   19.45   5.2   0.0   0.0  12.2  59.5    8.00   WNW
24  12.2  14.9    0.30   9.7    4.15   6.2   0.0   3.8   8.0  48.3   18.45    NW
25  13.1  15.1    9.45  10.9   00.00   5.2   0.0   0.0  10.0  51.5   16.30   WNW
26  10.8  12.3   11.45   7.3   00.00   7.5   0.0   0.0  10.6  37.0   15.30   NNW
27   7.8  12.3   11.45   2.9    5.15  10.6   0.0   0.0   0.5  16.1   12.30   NNE
28  10.1  13.6   17.45   3.6    4.00   8.2   0.0   0.0   3.5  29.0   20.00   ESE
29  15.6  19.4   15.00  13.0    0.15   2.8   0.1   0.0  14.6  78.9   22.00   WNW
30  15.2  18.6    3.30  10.4    8.00   3.1   0.0   0.3   7.7  72.4    0.45   ESE
31  11.7  15.2    0.15   7.4   00.00   6.6   0.0  10.2   5.3  57.9    4.30    NW
-------------------------------------------------------------------------------------
     9.9  19.4    29    -0.4    16   262.8   0.1  77.7   5.2  78.9    29     SSW

Max >=  32.0:  0
Max <=   0.0:  0
Min <=   0.0:  3
Min <= -18.0:  0
Max Rain: 26.42 ON 02/01/21
Days of Rain: 15 (> .2 mm) 10 (> 2 mm) 1 (> 20 mm)
Heat Base:  18.3  Cool Base:  18.3  Method: Integration
© www.elbaexplorer.com