MONTHLY CLIMATOLOGICAL SUMMARY for JUN. 2019

NAME: LI03   CITY:    STATE:  
ELEV:    12 m  LAT:  42 45' 04" N  LONG:  10 14' 18" E

                   TEMPERATURE (C), RAIN  (mm), WIND SPEED (km/hr)

                                      HEAT  COOL        AVG
    MEAN                              DEG   DEG         WIND                 DOM
DAY TEMP  HIGH   TIME   LOW    TIME   DAYS  DAYS  RAIN  SPEED HIGH   TIME    DIR
------------------------------------------------------------------------------------
 1  19.8  22.9   13.45  16.6    2.45   0.3   1.8   0.0  12.1  37.0   15.30   NNE
 2  20.0  22.0   14.45  18.0    5.15   0.0   1.7   0.0  17.5  41.8   12.45   NNE
 3  21.0  24.4   17.45  18.3    5.45   0.0   2.7   0.0   5.3  32.2    0.15   NNE
 4  19.2  23.9   18.00  12.9    6.15   1.2   2.1   0.0   2.4  19.3    0.15   ESE
 5  19.1  24.2   14.00  12.8    5.15   1.3   2.1   0.0   2.6  20.9   14.30     S
 6  20.7  23.8   12.45  16.6   00.00   0.1   2.4   0.0   5.6  29.0   12.45     N
 7  19.7  22.2   14.00  14.9    3.30   0.5   1.9   0.0   3.5  24.1   12.00     S
 8  21.7  25.2   13.30  18.9    4.45   0.0   3.4   0.0   5.8  33.8   16.15   NNE
 9  21.1  24.8   14.15  15.3    6.00   0.5   3.2   0.0   1.8  20.9   11.45     S
10  23.7  28.2    9.45  21.1   21.15   0.0   5.3   0.0   3.2  48.3    7.30     S
11  21.6  24.3   14.30  18.8    6.30   0.0   3.3   0.0   2.1  27.4    2.30   SSE
12  21.3  24.2   16.00  18.2    6.00   0.0   2.9   0.0  10.5  38.6   12.45   NNE
13  21.4  26.9   16.00  16.4   00.00   0.1   3.1   0.0   6.1  29.0    2.00   NNE
14  21.1  25.6   14.45  14.1    6.00   0.9   3.7   0.0   1.6  19.3   15.45     S
15  21.6  23.4   12.00  20.2   22.30   0.0   3.2   0.0  13.7  43.5   14.45   NNE
16  21.2  23.6   13.30  19.7    2.30   0.0   2.8   0.0   9.5  32.2   22.00   NNE
17  21.4  23.7   13.00  19.6    6.00   0.0   3.1   0.0  17.2  41.8   13.45   NNE
18  24.2  28.7   15.45  21.5    6.15   0.0   5.8   0.0  11.4  37.0    0.15   NNE
19  23.8  28.8   16.30  18.1    6.30   0.0   5.4   0.0   2.4  19.3   11.00    NW
20  21.9  26.7   15.45  15.9    6.15   0.3   3.8   0.0   1.3  17.7   16.30    SE
21  23.3  27.0   15.00  19.2    1.30   0.0   5.0   0.0   2.4  20.9   13.45     S
22  24.4  28.7   17.00  22.2    5.00   0.0   6.1   0.0   3.5  33.8   23.30   SSE
23  24.0  26.7   13.45  20.8   23.45   0.0   5.7   0.0   9.8  33.8   15.45   NNE
24  26.3  31.7   17.30  20.8    0.15   0.0   7.9   0.0   5.8  25.7   19.00   NNE
25  28.2  33.5   15.30  22.2    2.45   0.0   9.8   0.0   6.0  30.6   17.45   NNE
26  29.6  34.6   14.30  22.8    5.45   0.0  11.2   0.0   6.9  32.2   17.00   NNE
27  29.9  35.9   16.00  24.4    6.00   0.0  11.6   0.0   3.9  27.4   19.00   NNE
28  28.4  31.5   16.00  26.2    5.30   0.0  10.1   0.0   9.8  32.2    3.30   NNE
29  28.7  33.6   13.30  24.9    6.15   0.0  10.3   0.0   4.0  30.6    0.30   NNE
30  26.1  30.2    8.45  20.9   00.00   0.0   7.8   0.0   1.9  20.9   10.00   SSE
-------------------------------------------------------------------------------------
    23.1  35.9    27    12.8     5     5.2 149.4   0.0   6.3  48.3    10     NNE

Max >=  32.0:  4
Max <=   0.0:  0
Min <=   0.0:  0
Min <= -18.0:  0
Max Rain: 0.00 ON 01/06/19
Days of Rain: 0 (> .2 mm) 0 (> 2 mm) 0 (> 20 mm)
Heat Base:  18.3  Cool Base:  18.3  Method: Integration
© www.elbaexplorer.com