MONTHLY CLIMATOLOGICAL SUMMARY for NOV. 2022

NAME: LI03   CITY:    STATE:  
ELEV:  4000 m  LAT:  42 45' 04" N  LONG:  10 14' 18" E

                   TEMPERATURE (C), RAIN  (mm), WIND SPEED (km/hr)

                                      HEAT  COOL        AVG
    MEAN                              DEG   DEG         WIND                 DOM
DAY TEMP  HIGH   TIME   LOW    TIME   DAYS  DAYS  RAIN  SPEED HIGH   TIME    DIR
------------------------------------------------------------------------------------
 1  16.7  21.9   14.00  10.8    2.15   2.5   0.9   0.0   0.6  14.5   10.30    SE
 2  17.7  22.6   13.00  14.1    3.45   1.7   1.1   0.0   0.8  19.3    9.15    SE
 3  18.9  21.9   13.45  13.6    2.45   1.2   1.8   0.0   3.5  33.8   22.00     S
 4  18.5  22.1   13.30  13.9   22.00   0.7   0.9  13.5   6.0  57.9   14.15   WNW
 5  16.3  19.1   13.45  11.4    5.00   2.1   0.1  34.0  11.4  43.5   12.30   NNE
 6  15.2  19.7   14.15   8.9   00.00   3.3   0.2   0.0   5.0  29.0   11.15     N
 7  15.9  21.9   14.00   8.8    2.15   8.1   1.7   0.0   0.5  20.9    5.30     S
 8  17.6  21.2   11.00  11.9    0.45   0.8   0.4   0.0   1.0  20.9    5.30     S
 9
10
11
12
13
14
15
16
17
18
19
20
21
22
23
24
25
26
27
28
29
30
-------------------------------------------------------------------------------------
    17.1  22.6     2     8.8     7    20.5   7.0  47.5   3.6  57.9     4       N

Max >=  32.0:  0
Max <=   0.0:  0
Min <=   0.0:  0
Min <= -18.0:  0
Max Rain: 34.04 ON 05/11/22
Days of Rain: 2 (> .2 mm) 2 (> 2 mm) 1 (> 20 mm)
Heat Base:  18.3  Cool Base:  18.3  Method: Integration
© www.elbaexplorer.com