MONTHLY CLIMATOLOGICAL SUMMARY for FEB. 2024

NAME: LI03   CITY:    STATE:  
ELEV:    12 m  LAT:  42 45' 04" N  LONG:  10 14' 18" E

                   TEMPERATURE (C), RAIN  (mm), WIND SPEED (km/hr)

                                      HEAT  COOL        AVG
    MEAN                              DEG   DEG         WIND                 DOM
DAY TEMP  HIGH   TIME   LOW    TIME   DAYS  DAYS  RAIN  SPEED HIGH   TIME    DIR
------------------------------------------------------------------------------------
 1  11.4  14.6   12.00   7.0   00.00   6.9   0.0   0.0   0.8  17.7    5.00    NW
 2  11.5  16.7   13.30   5.9    4.00   6.8   0.0   0.0   6.0  30.6   11.30   NNE
 3  12.9  16.9   12.00   8.3    8.00   5.4   0.0   0.0   5.0  24.1    0.30     N
 4  10.4  15.9   13.00   5.6    6.30   7.9   0.0   0.0   1.0  16.1   11.30     N
 5   9.5  14.8   15.00   4.9    6.30   8.8   0.0   0.0   1.3  16.1   13.30   NNE
 6  10.3  15.6   14.00   4.3    6.00   8.1   0.0   0.0   0.6  16.1   13.30   NNE
 7  11.9  17.3   13.30   7.3   00.00   6.4   0.0   0.0   0.2  11.3   13.30   NNE
 8  12.1  16.3   13.30   6.7    2.00   6.3   0.0   0.0   2.4  24.1   13.30   SSE
 9  14.7  16.7   18.00   8.2    0.30   3.6   0.0   0.0   8.5  45.1   18.00     S
10  14.4  15.6    0.30  12.8    7.30   3.9   0.0  19.0   8.7  41.8   16.00   SSE
11  13.7  16.7   14.00  10.3    7.30   4.7   0.0   0.3   6.6  43.5    9.30   WNW
12  12.6  16.1   12.00   7.1    7.30   5.8   0.0   0.0   3.1  32.2    1.00   NNE
13  12.3  15.8   13.30   8.3    1.30   6.0   0.0   0.0   7.4  27.4   14.00     N
14  12.4  15.4   12.30   7.4    8.00   5.9   0.0   0.0   8.9  30.6   13.00   NNE
15  11.2  16.7   16.00   6.4    8.00   7.1   0.0   0.0   1.6  17.7    2.30   NNE
16  12.3  15.8   17.00   6.6    4.30   6.1   0.0   0.0   2.4  20.9   14.00     S
17  13.4  16.6   12.30   7.2   23.30   4.9   0.0   0.0   1.6  14.5   10.30   SSE
18  11.5  16.7   12.30   6.2    7.00   6.8   0.0   0.0   2.6  22.5   15.30   NNE
19  13.7  16.3   13.00  10.4    3.00   4.6   0.0   0.0   5.5  22.5   19.30   NNE
20  13.9  17.8   15.00   8.9   00.00   4.4   0.0   0.0   7.1  27.4   17.30     N
21  11.3  18.6   13.30   5.9    7.00   7.1   0.0   0.0   2.6  16.1   15.30   NNE
22  12.6  15.7   11.00   5.4    2.00   5.8   0.0   0.0   5.0  38.6   17.30     S
23  14.8  16.4    7.30  11.9   19.00   3.6   0.0   0.0  10.8  49.9    7.00     S
24   9.9  15.6   12.30   4.1    7.30   8.4   0.0   0.0   4.0  30.6   17.00   NNW
25  10.7  14.4   14.00   7.4   23.30   7.6   0.0   1.0   5.8  27.4   14.00   NNE
26  12.4  13.7    4.00   7.4    0.30   2.3   0.0   2.5   9.3  38.6    9.30     S
27
28
29
-------------------------------------------------------------------------------------
    12.2  18.6    21     4.1    24   155.2   0.0  22.9   4.6  49.9    23     NNE

Max >=  32.0:  0
Max <=   0.0:  0
Min <=   0.0:  0
Min <= -18.0:  0
Max Rain: 19.05 ON 10/02/24
Days of Rain: 4 (> .2 mm) 2 (> 2 mm) 0 (> 20 mm)
Heat Base:  18.3  Cool Base:  18.3  Method: Integration
© www.elbaexplorer.com