MONTHLY CLIMATOLOGICAL SUMMARY for AUG. 2022

NAME: LI03   CITY:    STATE:  
ELEV:    12 m  LAT:  42 45' 04" N  LONG:  10 14' 18" E

                   TEMPERATURE (C), RAIN  (mm), WIND SPEED (km/hr)

                                      HEAT  COOL        AVG
    MEAN                              DEG   DEG         WIND                 DOM
DAY TEMP  HIGH   TIME   LOW    TIME   DAYS  DAYS  RAIN  SPEED HIGH   TIME    DIR
------------------------------------------------------------------------------------
 1  29.7  35.3   16.00  25.3   23.45   0.0  11.3   0.0   2.6  22.5    1.30   NNE
 2  28.6  35.2   16.45  21.6    6.30   0.0  10.2   0.0   2.3  22.5   13.00   NNE
 3  28.6  33.7   16.45  23.2    6.45   0.0  10.2   0.0   1.8  25.7   17.15   NNE
 4  28.5  34.8   16.00  22.3    3.45   0.0  10.2   0.0   1.3  19.3   17.45    SW
 5  28.2  33.2   15.45  22.1    6.30   0.0   9.9   0.0   1.6  20.9   21.00   SSE
 6  28.3  31.9   13.00  22.0    7.00   0.0  10.0   0.0  10.1  37.0   17.30   NNE
 7  29.8  34.1   15.15  27.1   22.00   0.0  11.4   0.0   7.1  32.2   18.00     N
 8  29.2  33.6   15.45  25.2   00.00   0.0  10.9   0.0   6.6  35.4   16.00     N
 9  28.0  32.9   17.30  22.3    7.15   0.0   9.7   0.0   6.9  32.2   10.15     N
10  28.2  32.9   15.45  21.9    5.30   0.0   9.9   0.0   7.2  30.6   18.30   NNE
11  28.1  32.8   17.15  23.7    6.00   0.0   9.7   0.0   7.9  29.0   13.45     N
12  27.3  31.7   16.30  20.4    6.15   0.0   8.9   0.0   2.7  30.6    0.15   NNE
13  25.9  28.8   17.45  22.8    6.45   0.0   7.6   0.0   1.3  22.5   15.15    SW
14  25.3  29.2   15.00  19.7    7.00   0.0   7.0   0.0   1.1  17.7   11.15     S
15  25.2  26.6    1.30  22.6    0.15   0.0   0.9   0.0   0.2  14.5    1.30   SSW
16
17
18
19
20
21
22
23
24
25
26
27
28
29
30
31
-------------------------------------------------------------------------------------
    27.9  35.3     1    19.7    14     0.0 137.9   0.0   4.0  37.0     6     NNE

Max >=  32.0: 10
Max <=   0.0:  0
Min <=   0.0:  0
Min <= -18.0:  0
Max Rain: 0.00 ON 01/08/22
Days of Rain: 0 (> .2 mm) 0 (> 2 mm) 0 (> 20 mm)
Heat Base:  18.3  Cool Base:  18.3  Method: Integration
© www.elbaexplorer.com