MONTHLY CLIMATOLOGICAL SUMMARY for JUL. 2019

NAME: LI03   CITY:    STATE:  
ELEV:    12 m  LAT:  42 45' 04" N  LONG:  10 14' 18" E

                   TEMPERATURE (C), RAIN  (mm), WIND SPEED (km/hr)

                                      HEAT  COOL        AVG
    MEAN                              DEG   DEG         WIND                 DOM
DAY TEMP  HIGH   TIME   LOW    TIME   DAYS  DAYS  RAIN  SPEED HIGH   TIME    DIR
------------------------------------------------------------------------------------
 1  24.7  30.9   18.00  18.4    3.45   0.0   6.3   0.0   1.6  19.3   16.45    SE
 2  25.6  31.3   16.45  19.6    6.00   0.0   7.2   0.0   1.4  16.1   10.00    SE
 3  25.3  31.7   15.30  18.0    5.30   0.0   7.1   0.0   2.1  19.3   15.30    SE
 4  26.1  31.1   17.15  20.7    6.15   0.0   7.8   0.0   1.8  17.7   11.00   SSE
 5  26.3  31.5   16.00  20.5    5.30   0.0   8.0   0.0   1.4  20.9   16.45    SW
 6  26.1  30.9   15.00  20.6    6.00   0.0   7.8   0.0   1.4  17.7   11.45   SSE
 7  26.8  30.6   11.45  22.5    6.00   0.0   8.4   0.0   2.9  25.7   13.00   SSE
 8  27.4  31.2   13.00  23.5    5.30   0.0   9.1   0.0   1.6  17.7    8.30   SSE
 9  28.3  32.7   15.00  24.8    1.00   0.0   9.9   0.0   2.4  27.4   18.00   SSE
10  27.8  30.6   14.15  23.6   10.30   0.0   9.4   3.0   7.6  35.4   10.15   NNW
11  24.7  28.4   14.15  17.9    5.15   0.0   6.4   0.0   1.4  19.3   13.45   SSE
12  25.1  29.6   16.00  19.7    4.30   0.0   6.8   0.0   1.8  19.3   10.45   SSE
13  25.8  30.2   17.00  21.2    5.00   0.0   7.4   0.0   6.1  37.0   17.45   NNE
14  25.8  29.7   17.00  18.7    6.30   0.0   7.4   0.0   1.9  24.1   11.30    NE
15  23.0  26.2    0.45  19.0   17.45   0.0   4.7  16.3   7.2  43.5   17.30    SE
16  22.5  26.8   12.45  20.3    3.00   0.0   2.2   0.0  12.6  43.5   11.15     N
17
18
19
20
21
22
23
24
25
26
27
28
29
30
31
-------------------------------------------------------------------------------------
    25.7  32.7     9    17.9    11     0.0 116.1  19.3   3.5  43.5    15     SSE

Max >=  32.0:  1
Max <=   0.0:  0
Min <=   0.0:  0
Min <= -18.0:  0
Max Rain: 16.26 ON 15/07/19
Days of Rain: 2 (> .2 mm) 2 (> 2 mm) 0 (> 20 mm)
Heat Base:  18.3  Cool Base:  18.3  Method: Integration
© www.elbaexplorer.com