MONTHLY CLIMATOLOGICAL SUMMARY for DEC. 2021

NAME: LI03   CITY:    STATE:  
ELEV:    12 m  LAT:  42 45' 04" N  LONG:  10 14' 18" E

                   TEMPERATURE (C), RAIN  (mm), WIND SPEED (km/hr)

                                      HEAT  COOL        AVG
    MEAN                              DEG   DEG         WIND                 DOM
DAY TEMP  HIGH   TIME   LOW    TIME   DAYS  DAYS  RAIN  SPEED HIGH   TIME    DIR
------------------------------------------------------------------------------------
 1  12.0  16.6   12.45   6.9    4.30   6.3   0.0   0.0   0.6  12.9   18.45     N
 2  12.5  15.8    4.30   8.2    0.30   5.8   0.0   1.5   2.1  40.2   10.15   SSW
 3  10.8  13.4   13.00   6.1   00.00   7.6   0.0   0.0   6.6  32.2   14.30     N
 4   9.7  15.8   14.45   2.9    6.45   8.6   0.0   0.0   1.1  22.5   00.00     N
 5  14.2  16.4    1.30   9.3   00.00   4.2   0.0   5.1  11.3  51.5    4.30   WNW
 6   8.7  11.9   15.30   3.3   00.00   9.6   0.0  45.0  10.1  49.9   13.00   NNE
 7   7.7  14.6   13.30   1.3    4.30   8.9   0.0   0.0   2.7  22.5   13.30   NNW
 8
 9
10
11
12
13
14
15
16
17
18
19
20
21
22
23
24
25
26
27
28
29
30
31
-------------------------------------------------------------------------------------
    10.8  16.6     1     1.3     7    50.9   0.0  51.6   4.9  51.5     5       N

Max >=  32.0:  0
Max <=   0.0:  0
Min <=   0.0:  0
Min <= -18.0:  0
Max Rain: 44.96 ON 06/12/21
Days of Rain: 3 (> .2 mm) 2 (> 2 mm) 1 (> 20 mm)
Heat Base:  18.3  Cool Base:  18.3  Method: Integration
© www.elbaexplorer.com