MONTHLY CLIMATOLOGICAL SUMMARY for APR. 2019

NAME: LI03   CITY:    STATE:  
ELEV:    12 m  LAT:  42 45' 04" N  LONG:  10 14' 18" E

                   TEMPERATURE (C), RAIN  (mm), WIND SPEED (km/hr)

                                      HEAT  COOL        AVG
    MEAN                              DEG   DEG         WIND                 DOM
DAY TEMP  HIGH   TIME   LOW    TIME   DAYS  DAYS  RAIN  SPEED HIGH   TIME    DIR
------------------------------------------------------------------------------------
 1  11.7  20.2   16.45   3.1    6.45   6.7   0.1   0.0   1.4  16.1   13.00   NNE
 2  13.4  17.8   13.45   8.1    6.15   4.9   0.0   0.0   2.1  19.3   10.00   ESE
 3  14.3  16.1   14.45  10.8    8.00   4.1   0.0  44.7   5.1  29.0    7.15   SSE
 4  12.4  15.6   10.45   5.6   22.45   5.9   0.0  14.2   8.5  45.1    3.00     S
 5  11.4  16.7   15.00   4.3    2.15   6.9   0.0   0.0   2.3  30.6    9.00    NE
 6  10.5  15.5   14.30   4.4    7.00   7.8   0.0   0.0   0.8  16.1   10.45   ESE
 7  11.5  15.7   15.45   7.0   00.00   6.8   0.0   5.3   2.7  22.5    6.45    NE
 8  12.1  17.3   16.15   6.1    3.00   6.3   0.0   0.0   3.5  33.8   13.45   NNE
 9  11.7  17.3   12.45   5.2    7.15   6.7   0.0   0.0   1.1  17.7   15.15   ESE
10  13.1  15.6   11.30   9.1    0.15   5.2   0.0   0.0   4.5  37.0   15.30   SSE
11  12.7  17.2   14.45   8.5    3.30   5.6   0.0   0.0   2.3  19.3    9.45     S
12  14.2  16.8   14.15  12.3    4.15   4.2   0.0   0.0   4.5  25.7   17.30     N
13  12.9  15.8   16.30  10.3    5.15   5.4   0.0   0.5   5.3  32.2    3.30   NNW
14  12.6  17.4   13.15   8.1    3.00   5.7   0.0   0.0   6.8  49.9   13.30   NNE
15  14.1  17.1   16.45  11.6    4.45   4.1   0.0   0.0   7.1  40.2    7.30   NNE
16  12.8  17.3   13.15   8.8    5.45   3.2   0.0   0.0   4.0  24.1   10.30   NNE
17  15.7  18.1   13.45  11.8   00.00   1.2   0.0   0.0   7.4  25.7   19.00   NNE
18  12.7  18.4    9.45   8.6    2.45   2.7   0.0   0.0   1.3  14.5    4.00   NNE
19
20
21
22
23
24
25
26
27
28
29
30
-------------------------------------------------------------------------------------
    12.8  20.2     1     3.1     1    93.4   0.1  64.8   3.9  49.9    14     NNE

Max >=  32.0:  0
Max <=   0.0:  0
Min <=   0.0:  0
Min <= -18.0:  0
Max Rain: 44.70 ON 03/04/19
Days of Rain: 4 (> .2 mm) 3 (> 2 mm) 1 (> 20 mm)
Heat Base:  18.3  Cool Base:  18.3  Method: Integration
© www.elbaexplorer.com