MONTHLY CLIMATOLOGICAL SUMMARY for NOV. 2020

NAME: LI03   CITY:    STATE:  
ELEV:    12 m  LAT:  42 45' 04" N  LONG:  10 14' 18" E

                   TEMPERATURE (C), RAIN  (mm), WIND SPEED (km/hr)

                                      HEAT  COOL        AVG
    MEAN                              DEG   DEG         WIND                 DOM
DAY TEMP  HIGH   TIME   LOW    TIME   DAYS  DAYS  RAIN  SPEED HIGH   TIME    DIR
------------------------------------------------------------------------------------
 1  15.1  20.4   10.45  10.4    1.00   8.6   0.6   0.0   0.5  20.9   12.00   ENE
 2  15.2  20.4   10.45  10.4    1.00   5.2   0.4   0.0   0.5  20.9   12.00   ENE
 3  18.2  20.3   11.15  16.1    2.15   0.6   0.4   0.0   0.6  16.1   11.30   ENE
 4  16.6  19.8   11.00  12.3   23.00   2.0   0.2   0.0   0.2  16.1   13.00   ENE
 5  16.6  20.5   13.30  12.9    0.15   2.1   0.4   0.0   1.1  19.3   13.30   ENE
 6  15.3  19.9   12.45  10.9   00.00   3.3   0.2   0.0   1.1  19.3    0.45   ENE
 7  14.1  19.8   14.00   9.3    5.00   4.4   0.2   0.0   0.6  16.1   11.30   ENE
 8  16.0  19.8   11.45  10.9    1.15   2.6   0.2   0.0   1.6  17.7    7.15   ENE
 9  14.6  19.0   13.45  11.0   00.00   3.8   0.1   0.0   0.6  17.7   11.15   ENE
10  15.6  19.6   11.45  11.1    0.15   2.9   0.2   0.0   0.8  16.1   12.15   ENE
11  15.5  19.5   12.00  10.9   23.45   2.9   0.1   0.0   0.3  11.3   11.00   ENE
12  14.1  19.0   11.30   9.9   23.45   4.3   0.1   0.0   0.6  16.1   14.00   ENE
13  13.3  18.6   13.30   8.8    3.45   5.1   0.0   0.0   0.5  14.5   12.30   ENE
14  13.9  18.7   12.30   9.9   23.45   4.4   0.0   0.0   0.3  14.5   15.15   ENE
15  15.7  19.7   12.45  10.0    1.15   2.7   0.1   0.3   0.6  17.7   10.00   ENE
16  16.8  19.8   14.15  14.7    6.45   1.7   0.1   0.3   2.6  41.8   00.00   NNE
17  15.9  17.6   14.15  14.6    7.30   2.4   0.0   0.0  16.9  43.5    1.00     N
18  14.1  18.9   13.45   9.6   21.00   4.3   0.0   0.0   1.1  27.4    0.30     N
19  13.3  18.5   13.30   8.3    5.45   5.1   0.0   0.0   2.7  27.4   12.30   NNE
20  12.8  14.4   20.00  10.4   10.30   5.5   0.0  32.3  16.4  59.5    9.15   NNE
21  11.3  13.5    0.15   8.7   00.00   7.1   0.0   0.0  23.3  56.3    7.30   NNE
22   8.3  13.3   16.15   4.2   22.45  10.1   0.0   0.0   5.0  29.0   11.30   NNE
23   8.6  15.0   10.45   3.1    6.30   9.8   0.0   0.0   0.8  14.5   13.45    NE
24   8.1  10.6    5.00   7.0    4.00   2.1   0.0   0.0   1.3  11.3    5.00    NE
25
26
27
28
29
30
-------------------------------------------------------------------------------------
    14.1  20.5     5     3.1    23   102.8   3.2  32.8   3.3  59.5    20     ENE

Max >=  32.0:  0
Max <=   0.0:  0
Min <=   0.0:  0
Min <= -18.0:  0
Max Rain: 32.26 ON 20/11/20
Days of Rain: 3 (> .2 mm) 1 (> 2 mm) 1 (> 20 mm)
Heat Base:  18.3  Cool Base:  18.3  Method: Integration
© www.elbaexplorer.com