MONTHLY CLIMATOLOGICAL SUMMARY for FEB. 2019

NAME: LI03   CITY:    STATE:  
ELEV:    12 m  LAT:  42 45' 04" N  LONG:  10 14' 18" E

                   TEMPERATURE (C), RAIN  (mm), WIND SPEED (km/hr)

                                      HEAT  COOL        AVG
    MEAN                              DEG   DEG         WIND                 DOM
DAY TEMP  HIGH   TIME   LOW    TIME   DAYS  DAYS  RAIN  SPEED HIGH   TIME    DIR
------------------------------------------------------------------------------------
 1  14.8  15.7   11.15  13.7    0.15   3.5   0.0   0.0  12.6  64.4   17.30     S
 2  12.9  15.3    0.15   9.2   00.00   5.4   0.0   2.5   7.1  57.9    1.45   SSW
 3  10.2  12.9   15.45   7.5    7.00   8.1   0.0   3.8   1.6  24.1   21.00   ENE
 4  10.4  14.1   14.45   6.6    6.00   7.9   0.0   0.5   6.8  38.6   23.00     E
 5  10.9  12.7   13.15   9.0    7.45   7.4   0.0   0.0  15.4  49.9    9.45   NNW
 6  12.2  14.8   15.00   8.3   00.00   6.2   0.0   0.0  14.3  53.1   10.45     N
 7   8.1  14.1   13.15   1.7    7.45  10.2   0.0   0.0   1.4  19.3   15.30   NNE
 8   8.7  15.2   13.30   4.1    6.00   9.7   0.0   0.0   1.0  16.1   11.45   ENE
 9   8.9  13.9   15.15   3.7    6.30   9.4   0.0   0.0   0.8  19.3   13.00    SE
10  11.5  14.3   11.15   8.3    7.30   6.8   0.0   0.0   2.3  33.8   14.15    SE
11  12.9  15.3    2.00   9.0    1.00   5.4   0.0   0.0  19.6  61.2    3.45    NW
12  10.6  14.7   13.30   2.7    6.30   7.8   0.0   0.0   5.6  32.2   14.00   NNW
13   8.8  14.5   15.45   2.6    8.00   9.6   0.0   0.0   1.0  16.1   12.30    SE
14  12.3  15.6   15.45   8.0    1.00   6.1   0.0   0.0   8.7  33.8    8.45   NNE
15  12.7  14.2   13.15  10.4   22.45   5.7   0.0   0.0  13.7  38.6   16.00   NNE
16   7.8  14.1   10.45   3.2    7.45   4.7   0.0   0.0   0.6   9.7    1.00   ENE
17
18
19
20
21
22
23
24
25
26
27
28
-------------------------------------------------------------------------------------
    10.9  15.7     1     1.7     7   113.8   0.0   6.9   7.0  64.4     1     NNE

Max >=  32.0:  0
Max <=   0.0:  0
Min <=   0.0:  0
Min <= -18.0:  0
Max Rain: 3.81 ON 03/02/19
Days of Rain: 3 (> .2 mm) 2 (> 2 mm) 0 (> 20 mm)
Heat Base:  18.3  Cool Base:  18.3  Method: Integration
© www.elbaexplorer.com